et i = 112 + -103. Suppose -p + i*a = 6*a - 3, a = -2*p - 1. Suppose -4*c - 4*u + 202 - 38 = p, c + 5*u - 45 = 0. What is the units digit of c?
0
Let q(o) = 41*o + 9. Let t(i) = i - 7 - 11*i + 3 - 10*i. Let d(n) = -3*q(n) - 7*t(n). What is the units digit of d(5)?
6
Suppose 5*b + 2*i = 29858, 3*b - 17952 = -0*b + 5*i. What is the tens digit of b?
7
Suppose 4*m - 5*o - 361 - 1852 = 0, -12 = -4*o. Suppose 11*q = m + 554. What is the units digit of q?
1
What is the units digit of (144/(-60) - -4)*8180?
8
What is the units digit of ((-2399)/(-7))/(139/4865)?
5
Let o(z) = -207*z + 3377. What is the hundreds digit of o(10)?
3
Let d = -13277 + 22930. What is the hundreds digit of d?
6
Suppose 0 = 3*v + 3*j - 5661, 3*v - 3*j - 1029 - 4650 = 0. What is the units digit of v?
0
What is the hundreds digit of 1527*((-4)/(-15))/(1/5)?
0
Suppose -5*o + 125*q + 110274 = 128*q, 3*q = o - 22080. What is the ten thousands digit of o?
2
Let p = 20091 + -11840. What is the hundreds digit of p?
2
Let l = 10267 - -1393. What is the ten thousands digit of l?
1
Suppose -16570*f = -16544*f - 1993888. What is the ten thousands digit of f?
7
Let d = 122 + -116. Let l(i) = 9*i + 9. What is the tens digit of l(d)?
6
Let q = -153 + 155. What is the tens digit of -386*(q/(-3))/((-36)/(-27))?
9
Let a(i) = -34*i - 303. Let w be a(-9). Suppose 5 = h - 0. Suppose -4*r + 400 = -r - 5*n, -h*r - w*n = -610. What is the units digit of r?
5
Let v be 12/2 - 0/(-10). Suppose v*u - 380 = 4*u. What is the tens digit of u?
9
What is the hundreds digit of -3 + (-2)/10 + 5545266/305?
1
Let l(y) = y**2 - 2*y + 1. Let m(u) = -8*u**2 + 39*u - 61. Let i(o) = -6*l(o) - m(o). What is the units digit of i(23)?
2
Let j = 763 - -761. Suppose -9*t + j = -1077. What is the hundreds digit of t?
2
Suppose -5*t = 5*l - 31565, 6*l - 9180 = -t + 28723. What is the thousands digit of l?
6
Let b be (2/(-4))/((-17)/68). What is the tens digit of b/5 - (0 + 2328/(-5))?
6
Let p(o) = -97*o + 1151. What is the tens digit of p(-14)?
0
Suppose 42378 = 3*a - 2*v + 5779, 6*a + 3*v = 73149. What is the ten thousands digit of a?
1
What is the units digit of ((22 - (-108)/(-9))/(-4))/(2/(-76))?
5
Let q(v) = v**3 - 98*v**2 - 104*v - 66. What is the units digit of q(100)?
4
Let z = 3575 + -2155. Suppose -5*h + 0*h + z = 0. What is the units digit of h?
4
Suppose 5*j = -2*i - 314, i + 15 = 6*i. Let d = -51 - j. Let g = d - -59. What is the tens digit of g?
7
Let x(c) = 119*c**2 + 326*c - 9308. What is the units digit of x(28)?
6
Let d be (532 - -1) + -11 + 14. Let j = 1163 - d. What is the hundreds digit of j?
6
Suppose -2*q - 3*t + 31 = -7*q, 3*t + 19 = -5*q. Let c be (1/(-3)*2)/(q/(-15)). What is the units digit of (0 - ((-4)/(-4) + c))*157?
7
Suppose -i = 3*x - 13, 3*x + 2*i - 5 = 3*i. Let k be (-16)/(2*x/(-6)). What is the tens digit of (k/6 - 1)/(67/2412)?
6
What is the tens digit of (-2175)/(-50)*15828/18?
5
Suppose 13432 = 20*s + 28*s - 58952. What is the tens digit of s?
0
Let m(g) = 679*g**3 - g**2 + 5*g - 5. Suppose 7*v = 6*v + 1. What is the tens digit of m(v)?
7
Let z be 7/(-4) + 2 - (-364995)/180. Let b = z - 822. What is the hundreds digit of b?
2
Suppose -94 = -13*u - 42. Suppose u*s + s = 3560. What is the tens digit of s?
1
Suppose -5*q = -0*q - 15, -3*s = 5*q - 24. Suppose -5*a = -d - 146 - 179, s*a = 5*d + 195. Suppose -3*y = -a - 187. What is the tens digit of y?
8
Let y = 102 - 96. Suppose -4*q = -j + y*j + 126, -4*j + 5*q = 68. What is the tens digit of (0 + (-1)/2)/(j/12188)?
7
Suppose 71 = -d + 5*j, -4*d - 102 = 4*j + 110. Let w be (0 + -1)/(8/d). Let s(v) = -v**3 + 10*v**2 - v - 16. What is the tens digit of s(w)?
2
Let j(l) = -l**3 + 5*l - 5. Let a be j(-12). Suppose -a = 8*d - 4391. What is the units digit of d?
1
Let k(u) = 3*u**3 + 8*u**2 - 6*u - 6. Let f be k(-3). Suppose 0 = 2*m + m - 267. Suppose -233 = -t - 4*w - m, -w = f*t - 476. What is the units digit of t?
0
Suppose 0 = -23*f - 149 - 35. What is the tens digit of ((-2355)/(-20) + 0)/((-3)/f)?
1
Suppose 2*m + 20 = 3*n + 6*m, 4*n + 5 = m. Suppose n = -12*g + 418 + 62. Suppose 2*j - 462 + g = 0. What is the hundreds digit of j?
2
Let r = -487 - -417. Suppose 0 = i - 6*i - 805. Let s = r - i. What is the units digit of s?
1
Suppose 2*v + 107 = s + 27, v + s = -37. What is the tens digit of 648 - (6/v - (-60)/52)?
4
Suppose 13*y + 547380 = 58*y. What is the thousands digit of y?
2
What is the thousands digit of 18/(-42) - 34*842/(-28)?
1
Let u(y) = -y - 10. Let c be u(-13). Let s be -2*(-1)/(-2) + c. What is the units digit of s/(-4)*(-28)/2?
7
Suppose i + 14 - 18 = 0. Suppose -i*x + 4*n - 1032 = -6*x, 0 = -3*n + 12. What is the hundreds digit of x?
5
Let o(d) = d**3 - 19*d**2 + 18*d. Let y be o(18). Let g(l) = l**3 + l**2 + l + 2. Let k be g(y). What is the hundreds digit of 6930/44 - k/(-4)?
1
Suppose 0 = -201*n + 82*n + 3365439. What is the hundreds digit of n?
2
Let m be (-216)/(-120)*10/6. Suppose -1148 - 2006 = -4*s + 3*i, -m*s - 2*i = -2374. What is the units digit of s?
0
Suppose -4*t - 5*b - 227 = 0, -6*t + t - 289 = b. Let o(v) = -v**3 - 2*v**2 + 35*v - 5. Let f be o(6). Let k = t - f. What is the units digit of k?
5
Let w be 3/(12/(-4))*4. Suppose -7*r - 48 = -15*r. What is the units digit of (w/r)/(10/(-30)) - -219?
1
Let r(g) = -19*g - 2*g**2 + 12*g**2 - 21 + 3*g**2 - 3*g**2 + 65. What is the hundreds digit of r(8)?
5
Suppose 4*f - 5*s - 9576 = 0, s = -3*f - 4*s + 7217. Suppose 4*j - 4*k = f - 331, 2*j - 1034 = -2*k. What is the hundreds digit of j?
5
Suppose -4*x - 4*z - 41 = 135, 3*x + 127 = -4*z. Let y = x - -54. What is the units digit of y?
5
Let m = -100 - -100. Suppose -2*b = 0, 4*f - 5*b + 187 - 539 = m. What is the tens digit of f?
8
Let p = -4511 + 6467. Suppose -p = 24*x - 28*x. What is the units digit of x?
9
Suppose 154568 = 4*t + 2*u, 0 = -3*t + 2*u + 33476 + 82429. What is the units digit of t?
9
Suppose -123316 + 516901 = 66*p - 361785. What is the ten thousands digit of p?
1
Suppose 0 = -u - 3*v + 223, -2*v = -3*u + 406 + 296. Let t be 22*(39/6)/1 - 0. Let g = u - t. What is the tens digit of g?
8
Suppose -465*o - 463*o + 54010 = -917*o. What is the hundreds digit of o?
9
Let f = -16374 + 42522. What is the thousands digit of f?
6
Let t be (-2)/(-6) - (-1508)/39. Suppose t*j - 85 = 34*j. What is the units digit of j?
7
Suppose -2*u + 2*p = -134814, -8*p = 4*u - 3*p - 269673. What is the tens digit of u?
1
What is the hundreds digit of (-48)/(-6)*(0 + 4821/12)?
2
Suppose 71 = 9*l - 10. What is the tens digit of (171/5)/(l/(-7 + 232))?
5
Suppose 88*p + 135*p - 8140169 = 0. What is the tens digit of p?
0
Suppose 3*v = 14 + 16. Let y = v + -5. Suppose -4*z + y*z = 32. What is the tens digit of z?
3
Let c = 13660 + 11537. What is the ten thousands digit of c?
2
Let v(h) = 202*h**2 - 53*h - 352. What is the thousands digit of v(-11)?
4
Let f be (-4)/2*27/(-6). Suppose -j = f - 14. Suppose -5*v = j*x - 690, -4*x + 3*v + 47 = -540. What is the tens digit of x?
4
Let m = 541 + -950. Let q = -626 - m. Let l = 305 + q. What is the tens digit of l?
8
Suppose 29 = 3*g - 2*m + 17, -4*m - 8 = -2*g. Suppose 2*w - 7*w + y = -631, -w - g*y + 143 = 0. What is the tens digit of w?
2
Suppose 16*d - 14*d = -2. What is the units digit of d + -1 + 4/(-2) + 1007?
3
Suppose 2*m = 3*a - 2416, -2*a - 5*m + 1609 = -6*m. Suppose 20*l - 5158 = a. What is the hundreds digit of l?
2
Let p = 4658 + 17558. What is the ten thousands digit of p?
2
Suppose 0 = -0*z + 3*z. Let d = z + 61. Suppose -4*a + d = 9. What is the units digit of a?
3
Let i(c) = -11*c + 83. Suppose -52 = -0*k + 2*k. What is the hundreds digit of i(k)?
3
Let a = 2 + -15. Let k(r) = -r**3 - 16*r**2 - 66*r - 14. What is the tens digit of k(a)?
3
Let i = -175 - -923. Suppose 0*g - i = -2*d + g, 2*g + 8 = 0. What is the hundreds digit of d?
3
Let g = -162 - -678. What is the tens digit of g/(-9)*-9 - 2?
1
Let g(l) = -l**3 + 13*l**2 - 3*l + 39. Let b be 24/180 - (-386)/30. Let q be g(b). Suppose 0 = 3*m + 3*w - 189, -2*w - 2 + 4 = q. What is the units digit of m?
2
Suppose -42*a + 114620 + 52128 = -5956. What is the hundreds digit of a?
1
Let m = -6302 - -10798. What is the hundreds digit of m?
4
Suppose 0 = 2*u - 3*u + 192. Suppose k - 4*k = 4*h + 378, 4*k + 184 = -2*h. Let g